071 - 4781. Calculate the greatest common factor of r and 1505.
215
Let z = -33842 - -34066. Calculate the highest common factor of z and 7028.
28
Suppose -2*m - 2*m + 8 = 0. Suppose 67 = 152*f - 85*f. What is the greatest common divisor of f and m?
1
Let u be 7/((-252)/(-72402)) - (-45)/54. What is the greatest common divisor of 16 and u?
4
Suppose 89455 + 51676 = -304*y + 650635. What is the greatest common factor of y and 8?
4
Let g = 420 + -402. Let z be (-3)/(27/g) - -32. Suppose -100 = -y - 4*y. What is the highest common factor of y and z?
10
Let j(i) = 55*i**3 + 2*i**2 + 2*i - 1. Let h be j(2). Let d be (-26058)/(-645) + ((-105)/25)/(-7). Calculate the highest common factor of d and h.
41
Let x be ((-1)/(-6))/((-4)/12)*-18. Let v be x*((-44)/(-36) + -1). Let i be (2 - v) + 7 + 81. Calculate the highest common divisor of i and 11.
11
Let f(q) = -19*q - 194. Let v(i) = -5*i - 49. Let l(h) = -4*f(h) + 18*v(h). Let a be l(-9). What is the highest common factor of a and 15?
5
Let q(p) = p**3 - 20*p**2 + 42*p - 88. Let u be q(18). Let a = -37 - -52. Calculate the highest common divisor of a and u.
5
Suppose 2*g = -5*x + 6494, 5*x - 92*g + 95*g - 6496 = 0. Calculate the greatest common factor of 110 and x.
22
Let t be 2/(-7) + 58/7. Let f be (-1)/((-6)/88*(-1)/(-3)). Calculate the highest common divisor of t and f.
4
Let q be 20/12*(-36)/135*-27. Let c = 89 + 319. Calculate the highest common divisor of c and q.
12
Suppose 3*r = -4*u + 178, -44 = -r - 4*u + 26. What is the greatest common divisor of r and 3753?
27
Let v be 4/22 + (35/11)/(-1). Let y be (13/(-2))/(v/(10 - -116)). Calculate the greatest common divisor of 63 and y.
21
Let x = -508 - -1401. What is the greatest common divisor of 141 and x?
47
Let s be (((-43704)/32)/(-9))/(4/144). What is the greatest common factor of 18 and s?
9
Let f(d) = -6*d + 3. Let l be f(-2). Let x = 55 - l. Suppose 5*n - 26 = 14. Calculate the greatest common factor of n and x.
8
Let o(r) = -32*r - 13 + 6*r - 35 + r**2. Let v be o(-2). Calculate the highest common divisor of 12 and v.
4
Let q be -20*(-1)/(25/10). Suppose 24 = -0*y + q*y. Suppose -9 = -y*c + 30. What is the highest common divisor of 117 and c?
13
Suppose -985 = -48*d - 217. What is the highest common divisor of d and 2200?
8
Let z be -3*((0 - 1) + 11/(-33)). Let v be (z - (1 + -3))*(-549)/(-6). Suppose -8*g = -963 - v. What is the highest common factor of g and 21?
21
Suppose -3*o - 345 = -5*h - 79, -5 = h. Let r be -4 + (o/1)/(2/(-8)). What is the greatest common factor of 16 and r?
16
Let n(w) be the second derivative of -w**4/6 + 8*w**3/3 + 23*w**2 + 2*w + 3. Let o be n(9). What is the greatest common factor of o and 126?
14
Let c be 948/5 + (-22)/(-55). Let h = -175 + c. What is the greatest common factor of h and 345?
15
Suppose -198*b - 1683 = -215*b. What is the highest common divisor of b and 143?
11
Suppose 3*l + 143 = 20. Let f = l + 29. Let k be ((-5)/4)/(3/f). Calculate the greatest common factor of k and 1.
1
Suppose 0 = -4*y + i + 200, 7*i + 16 = 3*i. Calculate the greatest common factor of y and 126.
7
Suppose -2*p - 1527 = -5*p. Suppose 3*j = p - 77. Suppose 4*d + 4*w - j = 0, -5*d + 172 = -0*d + w. Calculate the highest common factor of 51 and d.
17
Let j be (-3)/(-6) + (-7 + 915/10 - 5). Suppose -72 - 48 = -2*d. Calculate the greatest common factor of j and d.
20
Let v = -428 + 877. Suppose 11*g = 123 + v. What is the highest common divisor of g and 65?
13
Let n = -34 - -116. Suppose 2*y + 198 = 82. Let f = n + y. Calculate the greatest common factor of f and 6.
6
Suppose -m + 2*t + 3 = -t, -2*t = -4. Let s be 3/(m/(-10))*(-3696)/70. What is the highest common divisor of s and 16?
16
Let i = -20 - -74. Let r(f) = 11*f**3 - 7*f**2 + 6*f - 5. Let j be r(3). Let z be 4/26 - (-2185)/j. What is the greatest common factor of i and z?
9
Let q = -16881 - -29661. What is the highest common divisor of 540 and q?
180
Let f be (-12)/(-24)*(-10)/4*-72. Let r be (150/f)/(10/396). Calculate the highest common divisor of 374 and r.
22
Let v(l) = -3*l**2 + 83*l - 99. Let p be v(26). What is the greatest common factor of 5425 and p?
31
Let y = -154 - -289. Suppose 40 + 5 = z - 2*b, -5*b + y = 2*z. Suppose 4*c - 264 = -8*c. Calculate the highest common factor of c and z.
11
Let u be (-2)/8 + (-329)/(-4). Let v = -726841 - -727128. What is the highest common factor of v and u?
41
Let w(i) = -8*i**3 - 3*i**2 - 2*i - 1. Let v(s) = -s**2 + 9*s + 88. Let r be v(15). Let x be w(r). Calculate the highest common divisor of x and 605.
55
Let h be ((-24)/10)/((-57)/190) - -1. Let m = h + -2. Let l be 6 + -9 - (2 + -124). What is the greatest common factor of l and m?
7
Let t be 144/(-14)*-2*154/8. Let p = -275 + t. What is the highest common factor of p and 22?
11
Let u be 682 - (-15 - -1)*12/(-24). What is the greatest common divisor of u and 486?
27
Let c = 1094 + -1071. Let i = -385 + 684. Calculate the highest common divisor of c and i.
23
Suppose 372 = 4*n + 2*d, -3*d + 29 = n - 54. Let q be (345/24*2)/(2/(-8)). Let i = n - q. Calculate the highest common factor of 15 and i.
15
Suppose 10*k = 4004 - 114. Suppose -10*l - 219 = -k. Let d be ((-3)/2)/((-9)/204). Calculate the greatest common divisor of d and l.
17
Let j = -13354 - -13404. What is the greatest common factor of 395 and j?
5
Suppose -369 = 6*u + 207. Let v = u - -200. Let d(y) = -y**2 - 15*y + 12. Let c be d(-14). What is the highest common divisor of v and c?
26
Let f be 30 - 29 - 26789/(-7). Calculate the greatest common divisor of 132 and f.
132
Let c = 381195 - 380877. Let z(g) = g + 13. Let v be z(-7). What is the highest common divisor of v and c?
6
Let q be 29/87 + 23/3. Let m(c) = c**3 - 3*c**2 - 2*c + 19. Let p be m(q). What is the highest common factor of p and 17?
17
Let k = 2366 + -2135. What is the highest common factor of k and 792?
33
Let y(i) = i - 11 - 9 + 25 + 6*i**2 - 39*i**3 - 4. Let p be y(-1). What is the highest common factor of 25 and p?
5
Suppose 4*h + 3*p - 52 = -13, 3*h + 3*p = 24. Calculate the greatest common factor of 19365 and h.
15
Suppose -3*n - 7 = 5*q, 4*n = q - 3*q - 14. Suppose 3*a - 7 = -q. Suppose -3*m + 3 = -0*m, -a*d - m = -19. Calculate the highest common factor of 36 and d.
9
Let a(c) = 184*c - 4732. Let z be a(28). What is the greatest common divisor of 2460 and z?
60
Let q(k) = -k**2 + 2*k. Let h be q(0). Suppose h = 2*g - 2 - 6. Let o be -3 - (g - (40 - 3)). Calculate the highest common divisor of o and 120.
30
Let q(n) = -n**3 + 10*n**2 - 7*n - 13. Let s be q(9). Let v = 86 + -49. Let r = -32 + v. Calculate the highest common factor of r and s.
5
Let j be (-1)/2*8 + (0 + 72 - 5). Let c(h) = -16*h + 9. Let f be c(-6). What is the highest common factor of j and f?
21
Let b(w) be the first derivative of 17*w**2/2 - 31*w - 16. Let g be b(7). Suppose 8*o - g = -0*o. Calculate the highest common divisor of o and 121.
11
Let o(b) = b**2 - 62*b - 919. Let k be o(81). Calculate the greatest common divisor of k and 1420.
20
Let d be (-15)/6*((-54)/(-30) + -3). Suppose 0 = -2*y - 2*v + 46, -22*y = -18*y - d*v - 71. What is the greatest common divisor of y and 64?
4
Let r be 244/2 - (-12 - -9). Let t = r + -73. Suppose -13*m = -15*m + t. What is the highest common factor of m and 52?
26
Let z be (-6 + ((-170)/(-15))/2)*(0 + -672). Calculate the greatest common divisor of z and 8176.
112
Let v = 69 - 84. Let a(n) = -n**3 - 15*n**2 - 2*n - 16. Let k be a(v). Let i = 10 - 3. Calculate the highest common factor of k and i.
7
Let j(v) = 14*v**2 - 59*v + 29. Let r be j(13). Calculate the greatest common divisor of 132 and r.
44
Let g = -355 + 366. Let t be 1030/8 + g*(-4)/(-176). What is the greatest common factor of 3 and t?
3
Let i(y) = 2*y**2 - 388*y + 16136. Let v be i(60). Let o(p) = -p**3 - 4*p**2 - p + 4. Let x be o(-4). Calculate the greatest common factor of x and v.
8
Suppose n - 607 = -a + 2*n, 3*n + 3045 = 5*a. Let z = a + -162. Calculate the highest common factor of 50 and z.
50
Let y be (1649/388)/((-4 - -2)/(-56)). What is the greatest common factor of 34 and y?
17
Let c be 2/((-124)/126 + 1). Let m be (-21 + 15)/((-3)/38). Suppose 5*p + 2*l = m, -l - 34 - 19 = -4*p. What is the highest common factor of c and p?
14
Let l(q) = q**2 - 9*q